{"id":17,"date":"2025-03-07T12:57:31","date_gmt":"2025-03-07T12:57:31","guid":{"rendered":"http:\/\/rs-bauing.de\/?page_id=17"},"modified":"2025-03-07T13:07:36","modified_gmt":"2025-03-07T13:07:36","slug":"impressum","status":"publish","type":"page","link":"http:\/\/rs-bauing.de\/?page_id=17","title":{"rendered":"Impressum"},"content":{"rendered":"\n<p>Rajeevan Sithamparanathan<br>Seiler Stra\u00dfe 25<br>48268 Greven M\u00fcnster<br>Deutschland<br><br>Tel.: 0175 &#8211; 9900985<br>E\u2011Mail: nathan@rs-bauing.de<br><br><br>Inhaber: Rajeevan Sithamparanathan <br><br><br>Verantwortliche\/r i.S.d. \u00a7 18 Abs. 2 MStV:<br>Rajeevan Sithamparanathan, Seiler Stra\u00dfe 25, 48268 Greven<\/p>\n\n\n\n<p><br>Gesetzliche Berufsbezeichnung: Ingenieur<br>Staat, in dem die Berufsbezeichnung verliehen wurde: Deutschland<br>Aufsichtsbeh\u00f6rde:<br>Ingenieurkammer Niedersachsen<br>Hohenzollernstra\u00dfe 52<br>30161 Hannover<br><a href=\"https:\/\/www.ingenieurkammer.de\" target=\"_blank\" rel=\"noreferrer noopener\">https:\/\/www.ingenieurkammer.de<\/a><br>Aufsichtsbeh\u00f6rde Energieberatung:<br>Bundesamt f\u00fcr Wirtschaft und Ausfuhrkontrolle<br>Frankfurter Stra\u00dfe 29 \u2013 35<br>65760 Eschborn<br><a href=\"https:\/\/www.bafa.de\" target=\"_blank\" rel=\"noreferrer noopener\">https:\/\/www.bafa.de<\/a><br>Zust\u00e4ndige Kammer:<br>Ingenieurkammer Niedersachsen<br>Hohenzollernstra\u00dfe 52<br>30161 Hannover<br><br>Berufsrechtliche Regelungen:<br>Nieders\u00e4chsische Ingenieurgesetz<br>Satzung der Ingenieurkammer Niedersachsen<br>Nieders\u00e4chsische Bauordnung (NBauO)<br>Durchf\u00fchrungsverordnung der NBauO (DVO-NBauO)<br>Honorarordnung f\u00fcr Architekten und Ingenieure (HOAI)<br><br>Plattform der EU-Kommission zur Online-Streitbeilegung: <a href=\"https:\/\/ec.europa.eu\/odr\" target=\"_blank\" rel=\"noreferrer noopener\">https:\/\/ec.europa.eu\/odr<\/a><br><br>Wir sind zur Teilnahme an einem Streitbeilegungsverfahren vor einer Verbraucherschlichtungsstelle weder verpflichtet noch bereit.<br><br>Mitglied der Initiative \u201cFairness im Handel\u201d.<br>N\u00e4here Informationen: <a href=\"https:\/\/www.fairness-im-handel.de\" target=\"_blank\" rel=\"noreferrer noopener\">https:\/\/www.fairness-im-handel.de<\/a><\/p>\n","protected":false},"excerpt":{"rendered":"<p>Rajeevan SithamparanathanSeiler Stra\u00dfe 2548268 Greven M\u00fcnsterDeutschland Tel.: 0175 &#8211; 9900985E\u2011Mail: nathan@rs-bauing.de Inhaber: Rajeevan Sithamparanathan Verantwortliche\/r i.S.d. \u00a7 18 Abs. 2 MStV:Rajeevan Sithamparanathan, Seiler Stra\u00dfe 25, 48268 Greven Gesetzliche Berufsbezeichnung: IngenieurStaat, in dem die Berufsbezeichnung verliehen wurde: DeutschlandAufsichtsbeh\u00f6rde:Ingenieurkammer NiedersachsenHohenzollernstra\u00dfe 5230161 Hannoverhttps:\/\/www.ingenieurkammer.deAufsichtsbeh\u00f6rde Energieberatung:Bundesamt f\u00fcr Wirtschaft und AusfuhrkontrolleFrankfurter Stra\u00dfe 29 \u2013 3565760 Eschbornhttps:\/\/www.bafa.deZust\u00e4ndige Kammer:Ingenieurkammer NiedersachsenHohenzollernstra\u00dfe 5230161 Hannover Berufsrechtliche [&hellip;]<\/p>\n","protected":false},"author":1,"featured_media":0,"parent":0,"menu_order":0,"comment_status":"closed","ping_status":"closed","template":"","meta":{"footnotes":""},"class_list":["post-17","page","type-page","status-publish","hentry"],"_links":{"self":[{"href":"http:\/\/rs-bauing.de\/index.php?rest_route=\/wp\/v2\/pages\/17","targetHints":{"allow":["GET"]}}],"collection":[{"href":"http:\/\/rs-bauing.de\/index.php?rest_route=\/wp\/v2\/pages"}],"about":[{"href":"http:\/\/rs-bauing.de\/index.php?rest_route=\/wp\/v2\/types\/page"}],"author":[{"embeddable":true,"href":"http:\/\/rs-bauing.de\/index.php?rest_route=\/wp\/v2\/users\/1"}],"replies":[{"embeddable":true,"href":"http:\/\/rs-bauing.de\/index.php?rest_route=%2Fwp%2Fv2%2Fcomments&post=17"}],"version-history":[{"count":5,"href":"http:\/\/rs-bauing.de\/index.php?rest_route=\/wp\/v2\/pages\/17\/revisions"}],"predecessor-version":[{"id":32,"href":"http:\/\/rs-bauing.de\/index.php?rest_route=\/wp\/v2\/pages\/17\/revisions\/32"}],"wp:attachment":[{"href":"http:\/\/rs-bauing.de\/index.php?rest_route=%2Fwp%2Fv2%2Fmedia&parent=17"}],"curies":[{"name":"wp","href":"https:\/\/api.w.org\/{rel}","templated":true}]}}